 -4ba + 5?
-4b5
In base 6, what is -1 + 105?
104
In base 14, what is -55 + 2?
-53
In base 2, what is -111 - -100?
-11
In base 3, what is 2 + -102121?
-102112
In base 2, what is 101 + 110001100?
110010001
In base 5, what is -1 + -244?
-300
In base 5, what is 3334041 - 3?
3334033
In base 8, what is -35 - -2?
-33
In base 12, what is -4 + -1077?
-107b
In base 6, what is -24 - -114?
50
In base 2, what is 1111 + 10110001?
11000000
In base 7, what is -2 + -1104?
-1106
In base 8, what is -3 - 1063?
-1066
In base 15, what is 6e0 + -2?
6dd
In base 12, what is -39b1 - -1?
-39b0
In base 9, what is 1437 + 1?
1438
In base 4, what is 1011 - -221?
1232
In base 13, what is 40 - 17?
26
In base 16, what is -20 - -d?
-13
In base 4, what is -20121 - 10?
-20131
In base 16, what is -5 - 39?
-3e
In base 5, what is -3002 - -14?
-2433
In base 7, what is -13 - 2?
-15
In base 5, what is 33 + 104?
142
In base 16, what is -4 - 45?
-49
In base 3, what is 1221 + 200?
2121
In base 14, what is -2 - -1c?
1a
In base 6, what is -2504 - -3?
-2501
In base 6, what is -103 - -303?
200
In base 8, what is 22 + 10?
32
In base 10, what is 265 + 65?
330
In base 4, what is 11 - -2002?
2013
In base 5, what is 1300332 + 1?
1300333
In base 10, what is 4 + -208?
-204
In base 14, what is -7 + 78?
71
In base 10, what is 19 - -110?
129
In base 4, what is 3 - 1121?
-1112
In base 2, what is -1 + -1?
-10
In base 4, what is -2 - -1211?
1203
In base 8, what is 204025 + 4?
204031
In base 4, what is -1 + 1202?
1201
In base 11, what is -96 + -43?
-129
In base 13, what is 62 + -137?
-a5
In base 12, what is 1 - -5b?
60
In base 5, what is 30 + 23?
103
In base 8, what is 5 + 4224?
4231
In base 6, what is 1 - 104?
-103
In base 9, what is 1 - 134?
-133
In base 2, what is 111101011 + -1011001?
110010010
In base 15, what is -6 + 1a9?
1a3
In base 10, what is 729 + 3?
732
In base 15, what is -3 + -257?
-25a
In base 11, what is 1 - 110?
-10a
In base 4, what is 10 + 3?
13
In base 7, what is 2 - 42?
-40
In base 3, what is -1 - 2021100?
-2021101
In base 8, what is 0 + -43?
-43
In base 16, what is 70 + -2?
6e
In base 15, what is 4 + 29?
2d
In base 13, what is -2 + 69?
67
In base 9, what is 116 + -1?
115
In base 15, what is -2 - -ee?
ec
In base 13, what is 35 - -2?
37
In base 9, what is -4 + -36?
-41
In base 16, what is -19 - -10?
-9
In base 4, what is -31123 - 3?
-31132
In base 10, what is 140 + 1?
141
In base 8, what is 165 - 215?
-30
In base 3, what is 2201012 + 1?
2201020
In base 10, what is -356 - -1?
-355
In base 15, what is 5 + -230?
-22a
In base 10, what is 4 + 130?
134
In base 6, what is -20 + -144?
-204
In base 11, what is 4 - -184?
188
In base 3, what is -2201212 + -1?
-2201220
In base 8, what is 45 - 2?
43
In base 16, what is -59a - 6?
-5a0
In base 6, what is 2 + 312?
314
In base 10, what is 13 + 2?
15
In base 16, what is 6 - a?
-4
In base 15, what is d76 + 0?
d76
In base 9, what is -6706 + 2?
-6704
In base 10, what is 13 + -221?
-208
In base 11, what is -32 + -4?
-36
In base 10, what is -94 - -22?
-72
In base 5, what is -120 - 10?
-130
In base 4, what is 221111 + 11?
221122
In base 4, what is -12 - -1112?
1100
In base 12, what is 3 - -4b2?
4b5
In base 3, what is -10 - -2102?
2022
In base 6, what is -2 + -252?
-254
In base 12, what is -525 + 0?
-525
In base 14, what is 0 + 24?
24
In base 15, what is 21 + -d?
13
In base 4, what is 11221 + -20?
11201
In base 5, what is -13 + -3432?
-4000
In base 12, what is -7 + -a2?
-a9
In base 15, what is 3 + 50?
53
In base 14, what is 2 - -34?
36
In base 11, what is 4 - -921?
925
In base 12, what is 4ba0 - -3?
4ba3
In base 8, what is 6335 - -3?
6340
In base 8, what is -2 + -405?
-407
In base 6, what is 0 - -4401?
4401
In base 14, what is 3 + -2898?
-2895
In base 10, what is -2 - 2664?
-2666
In base 11, what is 4 + -53?
-4a
In base 11, what is -10 - -37?
27
In base 15, what is -7c + 0?
-7c
In base 7, what is -4 + -356?
-363
In base 7, what is -3 + -521?
-524
In base 14, what is -2 - -51b?
519
In base 2, what is 110001101 + 10001?
110011110
In base 5, what is 2212 + 4?
2221
In base 3, what is 11 + 2211?
2222
In base 2, what is 101101 + 101?
110010
In base 4, what is 102332 + -3?
102323
In base 3, what is 10221021 - 12?
10221002
In base 10, what is -51 - 106?
-157
In base 7, what is 5 - -413?
421
In base 9, what is -5 - -15?
10
In base 12, what is 18 + -455?
-439
In base 15, what is 0 + cd?
cd
In base 9, what is -48588 + -4?
-48603
In base 5, what is 0 - -4143?
4143
In base 6, what is 4 + -3?
1
In base 7, what is -153 + -4?
-160
In base 12, what is -148 - -65?
-a3
In base 10, what is 2 + -212?
-210
In base 11, what is 3 + 29?
31
In base 8, what is -230 + -67?
-317
In base 8, what is 3 - -115?
120
In base 16, what is -3 - -49d?
49a
In base 15, what is 11ae + 2?
11b1
In base 11, what is 4 - -122?
126
In base 11, what is 1906 + 0?
1906
In base 13, what is -43 - -2a?
-16
In base 14, what is 1 - 2?
-1
In base 2, what is 111001 - 0?
111001
In base 11, what is -11 - 152?
-163
In base 3, what is 10000 - 2101?
122
In base 8, what is 4 - 3630?
-3624
In base 5, what is 22 + 140?
212
In base 16, what is -4c - -2?
-4a
In base 14, what is 80 + 4?
84
In base 13, what is -24 + -6c?
-93
In base 8, what is 27 - -5?
34
In base 9, what is 76 - -1?
77
In base 7, what is -4 - 53?
-60
In base 7, what is 4150 + -2?
4145
In base 16, what is 7 + -95?
-8e
In base 10, what is -4 - -26?
22
In base 8, what is 1370 + -4?
1364
In base 8, what is 0 - 467?
-467
In base 11, what is 21 + -a1?
-80
In base 14, what is -50 - -1a?
-34
In base 14, what is 6ca + 2?
6cc
In base 2, what is -10001 + 110?
-1011
In base 10, what is -16 - -1?
-15
In base 10, what is -181 + 14?
-167
In base 14, what is 3 - c4?
-c1
In base 10, what is -594 - 23?
-617
In base 15, what is 1 + -132?
-131
In base 7, what is 2 - -3305?
3310
In base 3, what is 22 + 22112?
22211
In base 14, what is -2a7 + -13?
-2ba
In base 8, what is 7 + 0?
7
In base 15, what is -d0 + -3?
-d3
In base 8, what is 71335 + -5?
71330
In base 3, what is -12 + 11?
-1
In base 13, what is -2 + -138c?
-1391
In base 8, what is 0 + -774?
-774
In base 15, what is -3 - e?
-12
In base 7, what is -2 - 464?
-466
In base 11, what is 3 + 7782?
7785
In base 8, what is -1075 - -1?
-1074
In base 13, what is a - 681?
-674
In base 13, what is -11a - -1b?
-cc
In base 7, what is 3 - -22?
25
In base 11, what is 20 + 3?
23
In base 5, what is -4 + -1020?
-1024
In base 16, what is 5 - 4d?
-48
In base 2, what is -10011011 - -1?
-10011010
In base 12, what is 66 - -1?
67
In base 11, what is 3 + -258?
-255
In base 15, what is d2 + 39?
11b
In base 3, what is 2 - -102110221?
102111000
In base 7, what is 32 + 21?
53
In base 15, what is 0 - 3?
-3
In base 8, what is 24573 + 4?
24577
In base 8, what is -217 - -10?
-207
In base 16, what is ad2 + -4?
ace
In base 2, what is -11010110100 + -1?
-11010110101
In base 11, what is 84 + 1?
85
In base 6, what is -10215 - 3?
-10222
In base 15, what is -4 + -9c?
-a1
In base 13, what is c + c?
1b
In base 16, what is 56 - -a?
60
In base 15, what is -3 - 6?
-9
In base 10, what is -5 - -147?
142
In base 7, what is -11 - -455?
444
In base 14, what is 28 - 5?
23
In base 12, what is -26 - -6?
-20
In base 13, what is -2 + 57?
55
In base 5, what is -124 + 22?
-102
In base 9, what is 2 + -676?
-674
In base 2, what is 100000 + -111001?
-11001
In base 15, what is 2 - 14?
-12
In base 2, what is 1110010 - -11?
1110101
In base 4, what is 21120 - -11?
21131
In base 3, what is 22 + -200?
-101
In base 5, what is -33 - -11?
-22
In base 9, what is 10 - -237?
247
In base 10, what is -173 + -3?
-176
In base 6, what is -1 + 25?
24
In base 7, what is 1 + 4655?
4656
In base 12, what is 2710 + 0?
2710
In base 13, what is b8 - 2?
b6
In base 16, what is 64d + 3?
650
In base 10, what is -161 + 20?
-141
In base 12, what is 485 + -9?
478
In base 3, what is -12202 + -12100?
-102002
In base 6, what is -5 + 15201?
15152
In base 11, what is -16 + 478?
462
In base 11, what is -239 - 6?
-244
In base 13, what is -6 + -32?
-38
In base 2, what is 0 + -10011011100?
-10011011100
In base 12, what is 512a + 2?
5130
In base 8, what is -1022 + 2?
-1020
In base 12, what is -158 + -5?
-161
In base 11, what is -185 + 32?
-153
In base 7, what is 0 - -1605?
1605
In base 6, what is 2 + -30130?
-30124
In base 8, wh